er?
False
Let n = 88 + 423. Suppose 4*a + 332 = -2*z, -2*z - 15*a - 341 = -14*a. Let k = n - z. Is k a prime number?
True
Suppose -237*f - 2802765 + 2731458 = -5368968. Is f a prime number?
False
Let c(x) be the first derivative of 487*x**2/2 + 9*x + 22. Let f be c(4). Let m = f - 414. Is m composite?
False
Let k be 2650/(0 + (2 - 3) + 2). Let r = k - -505. Is r composite?
True
Suppose 0 = -4*l - 3*a + 2219745 - 655948, -4*l - 4*a + 1563792 = 0. Is l composite?
False
Let u = 91 + -79. Is (u/16)/(36/437856) prime?
False
Let t(w) = 573*w - 88. Is t(5) prime?
True
Let a(f) be the third derivative of f**5/60 + f**4/12 + 2*f**3/3 + 41*f**2. Let g be a(3). Suppose -g*d = -18*d - 479. Is d prime?
True
Suppose 482*i = 5362059 + 130504583. Is i composite?
True
Let p = -22 - -24. Suppose -f = -2*i + 1569, -5261 = -5*i - p*f - 1316. Is i a prime number?
True
Let s be (-22382)/4 + -3 + (-15)/(-6). Let u = s - -11235. Is u a prime number?
True
Suppose 4*h - 8 = 0, -4*l - 3*h + h + 40 = 0. Let d be (-14388)/(-32) + l/24. Let o = d - 69. Is o prime?
False
Let n be ((-18)/(-180))/(4*4/160). Suppose 7*v - 4*m = 3*v + 11248, n = m. Is v a prime number?
False
Suppose -20*y + 22*y - 58996 = -4*m, 2*y + 44254 = 3*m. Suppose 0 = t - 0*q - 3*q - m, 3*t = -q + 44300. Is t a composite number?
True
Let q(k) = 1. Let u(t) = -t + 9. Let r(m) = -2*q(m) + u(m). Let b be r(6). Is (404 - -18)/(1/b - 0) composite?
True
Let n(a) = 12*a**3 - 25*a**2 + 6*a - 8. Let x be n(9). Let i = x + -3770. Is i composite?
False
Suppose 31 + 9 = 8*w. Suppose 9460 = w*g - 225. Is g prime?
False
Suppose n - 5*o + 12 = 0, -5*o + 3 = -3*n - o. Suppose -z + 1 = q, -n*q + 5 = z + 10. Suppose 4*l = v + v - 1482, -z*l = 4*v - 2988. Is v a composite number?
True
Suppose 135*s - 37002 = 132*s. Let y = -5013 + s. Is y a prime number?
True
Let c be (3 + 1)/((-2640)/2636 - -1). Let i be (-4 + 3)*(c + 2). Is 0/(-5 - -1) + -1 + i prime?
True
Suppose 0 = 3*n - 9. Suppose j = -n*k - 18 - 11, 0 = -3*k + j - 25. Is (-12)/k + (-7337)/(-3) a composite number?
False
Let j be (1*(-3 + -1))/(3/(-3)). Suppose -4*l + 20522 = -2*o, j*l - 5*o - 20523 = -4*o. Let r = -2910 + l. Is r a prime number?
True
Is (-3 + 9932)*(-4 + 8 + -10 + 19) a composite number?
True
Let g(n) = 118*n**2 + 17*n + 332. Is g(-13) prime?
False
Let p be ((-39)/9)/((-4)/12). Suppose -p*a = -6*a - 28. Suppose a*d - 176 = y + 330, -4*d + 510 = y. Is d composite?
False
Let x(z) = 176*z**3 - 2*z**2 - 2*z - 1. Let y be x(-2). Let f = -666 - y. Let t = f - 452. Is t composite?
True
Suppose -3*m + 22 = -m - 3*r, 27 = 3*m - 3*r. Suppose -4*x + 17683 = -5*i - 0*i, -2*i + 22079 = m*x. Is x composite?
True
Let j(z) = -96*z**3 - 4*z**2 - 14*z - 221. Is j(-12) prime?
False
Let g be (-5 + 20110/6)*144/15. Suppose -g = 6*p - 143860. Is p composite?
True
Let m(b) = 2430*b**3 + 2*b**2 - 18*b + 257. Is m(6) prime?
True
Suppose 0 = 5*y + 15, 5*a - 2*a - 2*y = 21. Let w(q) = q**2 - 1. Let b(h) = -7*h**2 + 2*h + 6. Let d(l) = -b(l) - 5*w(l). Is d(a) prime?
False
Let b(q) be the second derivative of 7*q**5/20 - q**4/6 - 7*q**2/2 + 590*q. Suppose 0 = u + 4*r - 4, -5*r + 8 + 8 = 4*u. Is b(u) a composite number?
False
Suppose 1711*m = 1708*m - 18. Let a(h) = -3001*h + 59. Is a(m) a prime number?
False
Let m = -38 - -63. Suppose 0 = 2*x - 33 + m. Suppose a - 210 = -5*v, -a - 580 = -x*a - 5*v. Is a prime?
False
Let r = 108 + -165. Let t = r - -60. Suppose -t*l - 20 = -197. Is l a composite number?
False
Let c(s) = 14*s - 23 + 261*s + 301*s. Is c(6) a prime number?
True
Suppose -2*q + 20 = -3*h, 0 = 2*q - 0*q + 2*h - 10. Let g(p) = 3*p**2 + p + q*p**3 - 3*p + 2*p - 3*p + 2. Is g(5) composite?
False
Let g be (1 + -5)/(-4) + -3. Let u be 3435/9 - g/6. Suppose 2*w + 2*o - u = 0, -2*o = w + 17 - 208. Is w a prime number?
True
Suppose 60 = -8*b + 3*b - 5*x, 3*x = 5*b + 44. Let q(l) = 35*l**2 + 16*l + 49. Is q(b) a prime number?
True
Let o be (-1)/(-1) + -1 - (-2 + 3). Let j be (-4111)/o + (0 - (-1 - -2)). Suppose 2*v - j = -476. Is v prime?
False
Let t be 1514/6 + 14/21. Let q be (-3 - 0) + t/1. Suppose -1271 = -5*k + l, -4*l = -k + 2*k - q. Is k a composite number?
True
Let k(d) be the first derivative of 6*d**3 + 1/4*d**4 - 9 + 3*d**2 - 13*d. Is k(-12) composite?
True
Suppose 20*y - 27 = 11*y. Let t(u) = -189*u**3 - 6*u**2 - 2*u + 7. Let a(i) = i**2. Let j(l) = y*a(l) + t(l). Is j(-3) a composite number?
True
Let r be 52/8*(-3 - -103). Suppose -892 = -3*c + r. Suppose 0 = 2*t - c - 28. Is t a prime number?
True
Let v(w) = -21007*w**3 - w**2 - 3*w - 3. Let a be v(-1). Suppose 3*g - a = -3*u, -u + 4*u = 4*g - 28015. Is g prime?
False
Let h(f) = -702*f + 24. Let i be h(-9). Suppose 7*r - i + 2331 = 0. Is r a composite number?
True
Suppose -17 = n + 5*u + 4, -4*u = 2*n + 12. Suppose -a - 3907 = -5*c, n*c + 2*a + 363 = 3497. Let t = -475 + c. Is t a composite number?
False
Let m = 20502 + -4459. Is m a prime number?
False
Is 10 + (-41)/(738/(-112266)) a prime number?
True
Suppose -39*p - 30*p = -55*p - 3972164. Is p a composite number?
True
Let r be (7795 - (1 - 1))*(-1 + 2). Suppose r = -7*s + 12*s. Suppose 2*p + 8 = 0, -p = z + 2*z - s. Is z prime?
True
Let g = -51870 + 112643. Is g a prime number?
True
Let r = -1422154 + 2156495. Is r a prime number?
False
Suppose -108 - 68 = 4*w. Let i = w - -46. Suppose v + i*l = 741, 5*v + 2*l - 3200 - 473 = 0. Is v a prime number?
True
Let t = -11017 + 16574. Is t prime?
True
Suppose -16 = 2*r - 5*d, 2*r + 2*d - 11 = 1. Suppose 652 = n - r*y + 5*y, 3*n - 4*y - 2021 = 0. Suppose 5*b - n = 2118. Is b a composite number?
False
Suppose -5*l = -4*y + 23, -8*y + 10*y + 4*l + 8 = 0. Suppose -s = 3*k - y*k - 543, -k + 528 = -2*s. Is k a prime number?
False
Suppose h - 2*w + 293 = w, h = -3*w - 317. Let q be 458 + 6*6/(-9). Let m = h + q. Is m a prime number?
True
Let q be 32/4 + (-2)/(-2) + 1. Suppose -5*n - 1629 = -u, -4*n + q = n. Is u a composite number?
True
Let l(z) = 156*z - 3. Let o be l(28). Let x = 4750 + o. Is x a prime number?
False
Suppose -4 = 2*m - 0. Let k(b) = -3*b - 3. Let v be k(m). Suppose v*s - g - 45 = 52, 5*s = 4*g + 171. Is s a prime number?
True
Let a be 18/117 - (-150183)/39. Let d = 156 + a. Is d prime?
True
Let f(u) = 1331*u - 19. Let s be ((-24)/(-84))/(2/28). Is f(s) a prime number?
False
Let m(p) = -p**3 + 17*p**2 - 41*p - 12. Let w be m(14). Is ((-65)/(-10))/(-13)*(-7192 + w) a composite number?
True
Let c(o) = 7187*o - 86. Let p be c(-5). Is 2/(8/p*(-6)/8) composite?
False
Let p = -54 + 98. Let l = 29 - p. Let k(c) = -2*c**3 - 23*c**2 - 8*c - 2. Is k(l) composite?
False
Let a be -3*5/3 - 27/(-3). Suppose -c = c + 4*g - 20742, -5*g = a*c - 41481. Is c prime?
True
Let v be -4*(-4)/(-24) - 12805/3. Is 2*(-4 + 3)*v/2 a prime number?
False
Is (9 - -12320) + -12 - (-6)/(-3)*-3 a composite number?
False
Suppose 0 = a + 3*y + 15, 10*y = 4*a + 6*y + 60. Is (0 + 7010/a)/(8/(-12)) prime?
True
Let x(d) = -6137*d - 1401. Is x(-14) a prime number?
False
Suppose 15*n + 15796 = 26*n. Suppose -z = 3*z - n. Is z prime?
True
Let z(n) = -1321*n**2 - 4*n + 3. Let h be z(-1). Suppose -r + m = 4*r + 2376, 0 = -r - m - 474. Let t = r - h. Is t prime?
True
Let i(p) = p**2 + 23*p + 72. Let f be i(-24). Let o = 99 - f. Suppose c - 45 = 3*b, -o*c + 103 = 3*b - 4*b. Is c prime?
False
Let k(x) = -3*x**3 - 5*x**2 - 256*x + 451. Is k(-39) a composite number?
True
Let p = -9968 - -15255. Is p prime?
False
Let d(p) = 1672*p - 2525. Is d(12) a prime number?
True
Let s(f) = 4*f**2 + 10*f - 19. Let a be s(3). Suppose 38*y + 12591 = a*y. Is y a composite number?
False
Let w be 29593/1 + 120/15. Is 3/6 - w/(-26) prime?
False
Let h be (1 - (-4)/2)*(11 + -10). Suppose -3*u - 12903 = -5*q - u, -h*q - u = -7733. Is q a prime number?
True
Is (-12)/(-20) - (1/4 - (-2405066)/(-40)) a prime number?
True
Let s be (-37)/(-74) - (-5)/2. Suppose s*r = -5*a + 97897 + 63006, 5*r = -4*a + 128712. Is a prime?
True
Suppose -2*w = -2*m + 8, 9 = 4*m + 6*w - 3*w. Suppose 0 = 111*g - 97*g + 56. Is 346 + -1 + m/(-6)*g prime?
True
Let y = 34642 - 21511. Let p = -4990 + y. Is p a prime number?
False
Let a(k) = 3*k - 14. Let t(y) = -3*y + 14. Let d = 111 - 106. Let z(c) = d*a(c) + 4*t(c). Is z(6) a prime number?
False
Let j = -203573 + 308712. Is j a prime number?
False
Suppos